NOAA-Style Climate Reports


Report for 2024 May
                  MONTHLY CLIMATOLOGICAL SUMMARY FOR 5/2024
                                        HEAT  COOL        
     MEAN                               DEG   DEG       WIND SPEED       DOM MEAN  MEAN
DAY  TEMP  HIGH   TIME     LOW   TIME   DAYS  DAYS RAIN AVG  HI  TIME    DIR BAROM HUM
---------------------------------------------------------------------------------------
1    59.0  74.0   3:22pm  51.6  12:53am    6    1  0.00   0   0  12:02am   N 29.92   83
2    61.8  76.0   3:50pm  50.5   2:17am    5    3  0.00   0   0  12:02am   N 29.94   76
3    57.8  68.0   3:03pm  50.6   5:50am    6    0  0.00   0   0  12:02am   N 30.16   73
4    57.7  72.8   1:55pm  45.0   5:35am    7    1  0.00   0   0  12:02am   N 30.29   73
5    50.0  53.0  12:32pm  48.8   4:46am   13    0  0.09   0   0  12:02am   N 30.26   90
6    62.7  75.8   5:10pm  49.4  12:02am    5    3  0.01   0   0  12:02am   N 29.96   86
7    69.4  83.8   3:20pm  53.2   6:12am    2    5  0.00   0   0  12:02am   N 29.75   56
8    64.1  79.4   3:30pm  54.4   5:33am    3    3  0.48   0   0  12:02am   N 29.59   84
9    62.7  71.3   3:03pm  55.1   6:18am    3    1  0.00   0   0  12:02am   N 29.71   67
10   54.2  61.2   1:52pm  48.4   6:48am    9    0  0.24   0   0  12:02am   N 29.79   73
11   53.9  64.8  11:38am  40.2   6:05am    9    0  0.00   0   0  12:02am   N 29.84   67
12   54.7  64.2   3:10pm  47.2   6:10am    9    0  0.00   0   0  12:02am   N 29.89   76
13   58.7  72.8   2:48pm  43.7   4:58am    6    1  0.00   0   0  12:02am   N 30.01   72
14   65.5  79.5   3:31pm  53.1   5:05am    3    4  0.00   0   0  12:02am   N 29.97   75
15   62.6  66.7   2:31pm  59.8   5:34am    2    0  0.20   0   0  12:02am   N 29.85   90
16   59.6  62.1   5:49pm  57.5  11:52pm    5    0  1.30   0   0  12:02am   N 29.77   95
17   65.5  77.8   1:41pm  55.1   4:15am    3    3  0.12   0   0  12:02am   N 29.93   73
18   60.5  64.9  12:41pm  56.5   3:14am    4    0  0.02   0   0  12:02am   N 29.98   81
19   63.3  70.0   4:36pm  58.2  11:30pm    2    1  0.00   0   0  12:02am   N 29.99   81
20   56.2  57.1  12:02am  55.5  12:54am    0    0  0.00   0   0  12:02am   N 30.03   88
---------------------------------------------------------------------------------------
TOT  60.2  83.8   5/7/24  40.2  5/11/24  105   27  3.23   0   0   5/1/24   N 29.93   77

HEAT BASE: 65.0
COOL BASE: 65.0